visor of n and 28.
4
Let z = 3 + 1. Suppose -t + 29 = 3*q, 3*t - 3*q - 21 = 30. What is the highest common factor of z and t?
4
Let r = 5 - 4. Let n be (-4 - 1)/(r/(-11)). What is the highest common divisor of n and 22?
11
Let p(i) = 3*i**3 + 7*i**2 - 4*i - 2. Let o be p(4). What is the greatest common factor of 26 and o?
26
Let v(i) = 7*i - 27. Let t be v(5). Calculate the highest common divisor of 8 and t.
8
Let j(w) be the second derivative of w**5/20 + w**4/2 + w**3/3 - 7*w**2/2 - w. Let x be j(-6). Let n = -12 - x. What is the highest common factor of 28 and n?
7
Let d(y) = y - 3. Let f be d(7). What is the greatest common divisor of 44 and f?
4
Suppose -4*f = 2*b - 8, -6*f + 2*f = -5*b - 8. Suppose f + 0 = m. Let t be ((-22)/(-4) - m)*8. What is the highest common divisor of t and 7?
7
Suppose -k - p + 7 + 5 = 0, 0 = p + 1. Calculate the greatest common divisor of k and 13.
13
Let b be (25/3)/(219/72 + -3). What is the highest common factor of b and 25?
25
Let t be 8/24 + (-106)/(-6). What is the highest common factor of t and 72?
18
Let m(y) be the third derivative of -5*y**4/24 + 11*y**3/6 + 3*y**2. Let r be m(-9). What is the greatest common factor of r and 7?
7
Suppose -3*m = 3*t - 270, -5*t - 558 + 108 = -5*m. Calculate the highest common factor of m and 30.
30
Suppose 2*y + 4*c - 42 = y, 3*y - 126 = -5*c. What is the greatest common divisor of y and 6?
6
Let f = 114 + -57. Suppose 0 = -10*b + 7*b + f. Calculate the highest common factor of 152 and b.
19
Suppose -n + 65 = -35. Let s be (-3 - -2)/((-2)/n). Let y(r) = -r**2 + 8*r - 2. Let f be y(6). Calculate the highest common divisor of f and s.
10
Let x(z) = 20*z - 7. Let t be x(4). Let v(l) = l. Let d be v(2). Suppose -t = -r - 2*o, -4*o = d*r - 3*o - 158. What is the highest common factor of 9 and r?
9
Let c(j) = 33*j**2. Let s be c(1). Let y be 4/(-14) - (-78)/(-21). Let f be (22/y)/(2/(-4)). What is the highest common factor of s and f?
11
Let y = 17 + -5. Let m be 24/13 + 6/39. Suppose -2*f + 60 = 3*h, 5*f - 176 = h - m*h. Calculate the greatest common divisor of y and f.
12
Let q(s) = s**3 + 13*s**2 - 23*s + 7. Let j be q(-14). What is the greatest common divisor of j and 19?
19
Suppose -22*n + 26 = -20*n. Calculate the highest common divisor of 13 and n.
13
Let d(m) = -m**2 + 21*m + 32. Let s be d(22). What is the greatest common factor of s and 30?
10
Suppose -77 = -5*f - l, 3*f - 2*l = -5*l + 39. Calculate the highest common divisor of 20 and f.
4
Let l = 172 - 125. What is the highest common factor of 376 and l?
47
Let k = 0 - 0. Suppose -5*p = 5*n - 365, 0 = 2*n - k - 2. Suppose 4*v = 6*v - p. What is the highest common divisor of v and 9?
9
Suppose -3 = v - 7. What is the greatest common divisor of 20 and v?
4
Let r = 28 - -7. Suppose -3*d - h + 23 = -d, 5*d - 44 = 2*h. Suppose -4*z = -2*z - d. Calculate the greatest common divisor of r and z.
5
Let y = -59 + 149. Calculate the greatest common divisor of 18 and y.
18
Let t be 2/(-4) - (-497)/14. Calculate the highest common factor of t and 7.
7
Let i = 69 + -63. What is the greatest common divisor of i and 54?
6
Suppose -100 = 6*t - 11*t. What is the greatest common divisor of t and 220?
20
Let u = -4 - -9. Suppose -3*m = -10 - u. What is the highest common divisor of 40 and m?
5
Let k = 1 - -8. Let g = 5 + k. Calculate the highest common divisor of g and 21.
7
Suppose 4*c + 70 = 3*l, 4*l = 3*c + 55 + 43. Calculate the highest common divisor of 26 and l.
26
Suppose -4*j = -4*k + k - 19, 3*k = 5*j - 26. Suppose 3*v - 4*c = -j*c - 6, 3*v - 19 = 2*c. What is the greatest common factor of 3 and v?
3
Let z(p) = 40*p. Let k be z(2). What is the highest common divisor of 16 and k?
16
Let x = 313 + -185. Calculate the greatest common factor of 16 and x.
16
Let q(g) = -g. Let i be q(-2). Suppose 5*c + 29 = i*r, -3*r + c + 2*c = -21. What is the highest common divisor of r and 2?
2
Suppose 0*b = -4*b. Suppose -5*i = -5*d - 335, b = 2*i - 0*d - 4*d - 124. Let x be ((-6)/4)/((-1)/6). Calculate the greatest common factor of x and i.
9
Suppose -2*z + r = -r - 46, -3*r + 93 = 3*z. Calculate the highest common factor of 18 and z.
9
Suppose 6*p - 8 = 4*p. What is the highest common factor of p and 4?
4
Let z = 57 + -48. Calculate the highest common divisor of 81 and z.
9
Let y(a) = 2*a**2. Let x be y(3). Let o be (24/x)/((-2)/(-3)). Suppose 0 = o*s - 0*s - 36. What is the highest common divisor of s and 27?
9
Let n be 16/6*(-750)/(-40). What is the greatest common factor of n and 10?
10
Let u(p) = -18*p**3 - p**2 - 2*p - 1. Let m be u(-1). Suppose 4*n - 1 = -2*d + 3*d, -2*d + m = 2*n. Calculate the highest common divisor of d and 28.
7
Suppose -2*o = 7 - 21. Calculate the greatest common factor of o and 2.
1
Suppose 5*b = -5*h, -4*b + b = 5*h + 6. Suppose 0 = b*f - 3, -6*f - 35 = -2*x - f. Calculate the greatest common factor of 30 and x.
10
Let x = 22 - 12. Let b = 64 - x. Let z = b - 29. What is the highest common divisor of z and 10?
5
Let s be 6/(-4)*(-12)/9. Suppose -15 = s*u - 39. What is the highest common factor of 18 and u?
6
Suppose -2*u = 5*n + u - 375, 5*u - 385 = -5*n. What is the greatest common divisor of n and 24?
24
Suppose -27 + 127 = 5*x. Let o(d) = 4*d - 4. Let h be o(3). What is the greatest common factor of h and x?
4
Suppose 6*r - r + 14 = -3*j, -5*j - 4*r = 6. Suppose -j*o = 3*o - 45. Calculate the greatest common divisor of 1 and o.
1
Suppose 0 = 2*t + 4*d - 106, -3 = 4*d - 19. Suppose -2*l = -20 - 10. Calculate the greatest common factor of l and t.
15
Let h(t) = t + 1. Let d be h(9). Calculate the highest common factor of d and 10.
10
Let b(i) = -i**3 + 8*i**2 - i + 8. Let n be b(7). Let v = 72 - n. What is the highest common factor of 11 and v?
11
Let j(s) = -4*s + 1. Let q = 17 + -22. Let x be j(q). Calculate the greatest common divisor of x and 189.
21
Suppose 7*n = 282 - 23. Calculate the highest common factor of n and 148.
37
Let p(m) = 4*m**2 + m - 3. Let s be p(-2). What is the highest common factor of 121 and s?
11
Let c = 150 + -95. Let a be (-99)/(-21) + 4/14. What is the greatest common factor of a and c?
5
Let v = -124 + 209. Calculate the highest common divisor of v and 17.
17
Let x be -4 + (2 - (-66 - -4)). Suppose 0*v = 5*v - x. Let k(a) = 4*a - 2. Let h be k(5). Calculate the greatest common factor of v and h.
6
Suppose 0 = -17*a + 46 + 90. What is the highest common divisor of a and 136?
8
Suppose -4*k + 330 = -294. Suppose 3*a = -a + k. What is the greatest common factor of a and 26?
13
Let w(j) = j**2 + j. Let r be w(1). Suppose -2*n - 3*n = -10. What is the highest common divisor of n and r?
2
Let b(l) = l**2 - 5*l + 7. Let q be b(5). Let k(j) = -j**3 - 9*j**2 - 8*j - 3. Let m be k(-8). Let p = m + q. What is the highest common divisor of 16 and p?
4
Suppose -3*m = 5*i - 37 - 32, 6 = 2*m. Suppose i = -2*k - 2*k - 5*p, 2*k = p + 8. Suppose -3 = -k*f + 7. What is the greatest common divisor of f and 5?
5
Suppose -773 = -5*v - 4*w, 3*v - 5*w - 232 - 217 = 0. Let g be (-87)/(-5) + 6/(-15). What is the highest common divisor of v and g?
17
Suppose 0 = -n - 3*o + 13, -6*n + 10 = -2*n - 2*o. What is the greatest common divisor of n and 36?
4
Suppose 2*s - 10 - 12 = 0. Let m = -3 + 3. Suppose 3*n - n - 176 = m. What is the greatest common factor of n and s?
11
Let f(j) = 5*j - 4. Let p be (2 - 7)*8/(-5). Let z = p + -5. Let o be f(z). What is the highest common factor of o and 99?
11
Let c be (9/12)/(2/(-16)). Let w(m) = m**3 + 7*m**2 + 3*m + 3. Let b be w(-6). Let i = b + c. Calculate the highest common factor of i and 10.
5
Suppose 0 = 4*x + 3*f - 97, 4*x + f = -0*f + 107. Calculate the greatest common factor of 70 and x.
14
Let b = 8 - 8. Let t = b - -5. What is the highest common divisor of 1 and t?
1
Let i = -130 - -260. Let j = -9 + 22. What is the highest common divisor of i and j?
13
Let c(x) = -x**3 + 2*x**2 + 3*x - 3. Let k be c(2). Suppose 0 = -j + k*j + 2. Let z be j/(-3) + (-94)/(-6). What is the highest common divisor of z and 8?
8
Suppose 3*t - 34 = -7. Let m be t/15 - 4/(-10). What is the highest common factor of 3 and m?
1
Let d(y) = -5*y - 1. Let a be d(-2). Let o = -2 + a. What is the greatest common factor of o and 77?
7
Suppose 2*t + 5*n - 45 = 0, 1 = 5*n - 4. Calculate th